 of 1324 and 14569958?
662
What is the greatest common factor of 4970 and 340090?
710
Calculate the highest common factor of 1130 and 154358.
226
Calculate the greatest common divisor of 404 and 184123.
101
What is the greatest common factor of 2000 and 1454500?
500
Calculate the highest common divisor of 1014 and 69602.
26
Calculate the highest common factor of 493 and 58.
29
Calculate the highest common divisor of 275 and 2673.
11
What is the greatest common divisor of 17940 and 104?
52
Calculate the highest common divisor of 1240 and 187736.
248
Calculate the highest common divisor of 158 and 15247.
79
What is the greatest common divisor of 714 and 15106?
14
Calculate the highest common factor of 4693 and 6593.
19
Calculate the greatest common divisor of 1377 and 5724.
27
Calculate the greatest common factor of 74241 and 5311.
113
Calculate the highest common divisor of 1032 and 35389.
43
Calculate the greatest common divisor of 43017 and 39.
39
What is the greatest common factor of 2928 and 96136?
488
Calculate the highest common factor of 2101 and 2420.
11
What is the highest common factor of 10550229 and 174?
87
Calculate the highest common factor of 320 and 399280.
80
Calculate the greatest common divisor of 468601 and 77.
7
Calculate the greatest common divisor of 33570066 and 2302.
2302
What is the highest common factor of 534157 and 351?
13
What is the greatest common divisor of 345302 and 574?
82
What is the greatest common factor of 369914 and 2?
2
What is the greatest common factor of 17 and 112557?
17
What is the greatest common divisor of 16 and 2233432?
8
Calculate the highest common factor of 38 and 46037.
19
What is the greatest common factor of 111096 and 72?
72
What is the highest common factor of 1443 and 8?
1
What is the greatest common factor of 2995497 and 1334?
667
What is the highest common factor of 1086934 and 46?
46
Calculate the greatest common factor of 17043428 and 31.
31
What is the highest common factor of 1159361 and 1463?
133
What is the greatest common factor of 1804 and 136448?
164
Calculate the highest common factor of 24850 and 1002946.
994
Calculate the highest common factor of 58 and 22726.
2
What is the highest common factor of 160366 and 362?
362
Calculate the greatest common divisor of 16638 and 10266.
354
Calculate the greatest common divisor of 290010 and 84.
42
Calculate the greatest common divisor of 4343 and 1010.
101
Calculate the highest common factor of 143445 and 730.
365
Calculate the greatest common factor of 3519 and 82977.
51
What is the highest common factor of 3 and 5327661?
3
Calculate the greatest common divisor of 8315 and 5.
5
What is the greatest common divisor of 8033 and 2378?
29
Calculate the greatest common factor of 253512 and 4536.
504
Calculate the greatest common factor of 22913 and 2761.
11
Calculate the greatest common factor of 19 and 100320.
19
Calculate the greatest common divisor of 684418 and 2.
2
What is the greatest common factor of 135 and 13149?
27
Calculate the greatest common divisor of 3 and 12668.
1
Calculate the greatest common divisor of 13394 and 36704.
74
What is the highest common factor of 1 and 161971?
1
What is the greatest common factor of 27 and 4167?
9
What is the greatest common divisor of 202351 and 187?
17
Calculate the highest common factor of 385 and 110.
55
Calculate the greatest common divisor of 8798 and 424.
106
What is the greatest common divisor of 762376 and 1165?
233
Calculate the greatest common factor of 209 and 103835.
19
What is the highest common divisor of 86147 and 1555?
311
Calculate the greatest common divisor of 1224 and 235464.
24
Calculate the highest common factor of 8548 and 96.
4
Calculate the highest common factor of 506 and 98010.
22
What is the greatest common factor of 66562 and 598?
46
Calculate the highest common divisor of 27783 and 9153.
81
What is the highest common divisor of 2391792 and 208?
208
Calculate the highest common factor of 159 and 6625.
53
Calculate the highest common divisor of 99 and 1257.
3
Calculate the highest common factor of 36549 and 45.
9
Calculate the highest common factor of 3051075 and 75.
75
Calculate the highest common divisor of 217425 and 130.
65
Calculate the greatest common factor of 539 and 5439.
49
What is the highest common divisor of 3672 and 450?
18
Calculate the highest common factor of 605 and 1760.
55
What is the greatest common factor of 173728 and 107360?
1952
What is the greatest common factor of 708 and 1593?
177
Calculate the highest common factor of 1826 and 7282.
22
Calculate the greatest common divisor of 72220 and 1426.
46
Calculate the highest common divisor of 732 and 66.
6
Calculate the highest common divisor of 583051 and 21973.
511
What is the greatest common divisor of 21280 and 111055?
665
Calculate the highest common factor of 1934715 and 45.
15
What is the greatest common factor of 890 and 6651860?
890
Calculate the greatest common factor of 1016 and 20066.
254
What is the greatest common factor of 59325 and 231?
21
Calculate the greatest common factor of 87087 and 689.
13
What is the greatest common divisor of 1659 and 2226?
21
Calculate the greatest common divisor of 17160 and 174900.
660
What is the greatest common divisor of 6300 and 252?
252
What is the highest common divisor of 720 and 4400?
80
Calculate the highest common divisor of 146901 and 23.
23
What is the highest common divisor of 38 and 10362334?
38
What is the highest common divisor of 48 and 21144?
24
What is the greatest common factor of 116912 and 112?
16
What is the highest common divisor of 583 and 1414093?
53
What is the highest common factor of 111708 and 783?
261
Calculate the greatest common factor of 20258 and 98.
14
What is the greatest common factor of 329 and 6125?
7
Calculate the greatest common factor of 99603 and 18.
9
What is the highest common factor of 83 and 747913?
83
Calculate the greatest common factor of 128960 and 3200.
320
What is the highest common factor of 4450 and 80?
10
Calculate the greatest common factor of 2484 and 5428.
92
Calculate the highest common divisor of 3760 and 20.
20
Calculate the greatest common divisor of 416 and 9139.
13
What is the highest common factor of 95 and 3175?
5
What is the highest common divisor of 235 and 74072?
47
Calculate the highest common factor of 177568 and 7936.
992
Calculate the greatest common divisor of 1216 and 485868.
76
Calculate the greatest common factor of 447030 and 90.
90
What is the highest common divisor of 640 and 190460?
20
Calculate the highest common divisor of 2168662 and 334.
334
Calculate the greatest common factor of 43276 and 460680.
1396
Calculate the greatest common divisor of 2580 and 46870.
430
Calculate the greatest common factor of 1369350 and 750.
150
What is the greatest common factor of 1872 and 59436?
468
Calculate the greatest common factor of 5264146 and 86.
86
Calculate the greatest common factor of 464 and 9762.
2
What is the highest common divisor of 356 and 130474?
178
Calculate the highest common divisor of 304 and 11248.
304
What is the highest common factor of 120945 and 18315?
165
What is the greatest common factor of 14418 and 3026?
178
Calculate the greatest common factor of 18763 and 7047.
29
Calculate the highest common divisor of 866 and 134.
2
What is the greatest common factor of 714 and 45815?
119
Calculate the highest common divisor of 3757 and 481.
13
What is the highest common divisor of 237672 and 30?
6
What is the greatest common factor of 327 and 27?
3
Calculate the highest common divisor of 106 and 1696.
106
What is the highest common factor of 5976 and 1?
1
What is the greatest common factor of 355 and 16543?
71
Calculate the greatest common divisor of 3 and 1668.
3
Calculate the greatest common divisor of 16060 and 29.
1
Calculate the highest common factor of 50786 and 2144.
134
What is the greatest common factor of 5274 and 189?
9
Calculate the highest common divisor of 1163040 and 144.
48
What is the highest common factor of 15341 and 3915?
29
What is the highest common factor of 120 and 914184?
24
What is the greatest common factor of 1426 and 4600?
46
What is the highest common factor of 91 and 154258?
13
Calculate the greatest common divisor of 104 and 